Suppose 5*i + 2*z - 116411 = 0, -5*i - 5*z + 41166 = -75224. What are the prime factors of i?
5, 4657
Suppose 24*f - 39 = 9. What are the prime factors of (441 + 26)/(1/f)?
2, 467
Let g = 0 - -39. Let s = g - 37. Suppose 0*l + 4*o - 404 = -s*l, 0 = 5*l + 2*o - 1050. List the prime factors of l.
2, 53
Suppose -3*g = -5*p - 0*g, 3*p = -4*g. Suppose -4*t + 604 = 3*q, -3*t + q - 6*q + 453 = p. Let x = -52 + t. What are the prime factors of x?
3, 11
Suppose f = 4*c - 49443 - 23215, 2*c = -5*f + 36318. List the prime factors of c.
2, 19, 239
Let y = 167 - 193. Let u(z) = z**3 + 29*z**2 + 61*z - 53. List the prime factors of u(y).
389
Let c(s) be the third derivative of -31*s**5/30 + s**4/4 - 3*s**3/2 - 27*s**2. Let j be c(3). Let z = -382 - j. What are the prime factors of z?
167
Let u be 228/(-19)*(-1 + 4/6). Suppose -5*h + 524 = 3*o, u*o - 9*h + 11*h - 708 = 0. What are the prime factors of o?
2, 89
Suppose 140 = 8*c - c. Let o = c - 438. Let r = o - -712. List the prime factors of r.
2, 3, 7
List the prime factors of (-163 - -4)/((-9)/1662) - -10.
2, 7, 1049
Let t = -888 - -534. Let j = t - -1089. What are the prime factors of j?
3, 5, 7
Let g(w) = 295*w - 467. Let c(j) = -197*j + 310. Let v(u) = -8*c(u) - 5*g(u). List the prime factors of v(9).
2, 191
Let g = 121 + -119. Suppose -g*c + u = -132, 0 = -5*c - 2*u + 217 + 113. List the prime factors of c.
2, 3, 11
Let r(u) = -4*u - 98. Let k(w) = -w**2 - 26*w + 27. Let f be k(-28). List the prime factors of r(f).
2, 3
Let b(z) = 295*z + 8396. What are the prime factors of b(68)?
2, 3557
Let b = 2534 - 1114. List the prime factors of b.
2, 5, 71
Let q(p) = -3*p**2 - 4*p - 2. Let a be q(-2). Let r(n) = n**2 + 9*n + 20. Let z be r(a). What are the prime factors of ((-1)/z)/((-1)/264)?
2, 3, 11
Let d = 58 + -67. Let c(b) = b**3 + 10*b**2 + 7*b - 17. Let u be c(d). Let m(l) = 60*l**2 + 4*l - 3. List the prime factors of m(u).
61
Suppose 0 = 9*x - 14*x + 30. Suppose -5*l = -3*l - 4*u - 14, x = -3*u. Suppose -3*o + 5*f + 60 + 13 = 0, f = -l*o + 97. What are the prime factors of o?
31
Suppose 4*p = -5*n + 21945, -5*n - 28*p + 21940 = -23*p. What are the prime factors of n?
23, 191
Let h(g) = g**3 - 56*g**2 + 71*g - 1137. List the prime factors of h(57).
3, 2053
Let p(o) = 1899*o**2 + 107*o + 213. What are the prime factors of p(-2)?
5, 7, 31
Let h(y) = -y**3 - 7*y**2 - 11*y - 7. Let x be h(-5). List the prime factors of 24/(-7 + 1) + (-626)/x.
3, 103
Suppose 4*m - 18 = 10. List the prime factors of m + (-296)/40 + (-57)/(-5).
11
Suppose 5*c + 18385 = 2*m, -2*c = -m + 1244 + 7946. What are the prime factors of m?
2, 3, 5, 17
Let q(w) = 35*w - 12. Let k(y) = -104*y + 35. Let j(f) = -3*k(f) - 8*q(f). Suppose -17*s + 16*s = -2. What are the prime factors of j(s)?
5, 11
Suppose -5*q = -d + 1, 3*d = -5*q - 2*d + 5. Suppose q = 5*u - 24 - 6. What are the prime factors of 34 - ((-14)/u + 2/6)?
2, 3
Suppose 5*y - 628 = 3*f, -7*f = 5*y - 9*f - 627. Let w(m) = -98*m - y*m + 4 + 38*m - 11*m. List the prime factors of w(-1).
2, 5
Let t = -5026 + 10630. What are the prime factors of t?
2, 3, 467
Suppose 65 = 3*m + 2*z, 5*m - z - 107 = 10. Suppose -26*c + m*c + 1390 = 5*k, 3*k = -2*c + 927. What are the prime factors of c?
3, 5, 31
Suppose -3*w - 1 = -5*s + 34, 0 = -s - 2*w - 6. Suppose 353 = 3*y - 0*y - v, s*v = -y + 122. Suppose -318 = -2*i - y. What are the prime factors of i?
2, 5
Let t(q) = 11*q + 2*q**2 + q**2 + q**2 - 1 + 8. List the prime factors of t(-6).
5, 17
Let g = 61 + -39. Let p(d) = -5*d - 1. Let h be p(-14). Let y = h + g. List the prime factors of y.
7, 13
Let v(g) = -g**2 + 20*g - 19. Let k be v(19). Suppose b + 4*t - 231 = k, 4*b = t - 3*t + 980. What are the prime factors of b?
13, 19
Let m(i) = 109*i + 185. Suppose 5*g - 5*w - 6 = 29, -13 = -4*g - w. What are the prime factors of m(g)?
3, 23
Suppose 6 + 10 = 16*j. List the prime factors of j/(-2)*(-7 - 845).
2, 3, 71
Let b = 67 + -65. Let f be 0/b - ((-1)/1 - -310). Let x = -128 - f. List the prime factors of x.
181
Suppose -2*p + 5*i + 62943 = 0, -2*i - 125862 = 24*p - 28*p. What are the prime factors of p?
2, 3, 19, 23
Let b(i) = 15*i**2 - 14*i - 41. Let k(x) = 13*x**2 - 14*x - 42. Let c(f) = -6*b(f) + 7*k(f). List the prime factors of c(-9).
3, 53
Suppose 0 = 43*p - 29925 - 27050. List the prime factors of p.
5, 53
Suppose 3*h + 9 = -56*b + 59*b, -5*b = -3*h - 23. Suppose s + n = 69, -2*s - n = -3*n - 122. Suppose -9*r = -h*r - s. What are the prime factors of r?
13
Let w be 30/4*((-628)/12 - -11). Let t = 665 + w. What are the prime factors of t?
5, 71
Let v = -14 + 17. Let x be 10*(51/6 - v). Suppose 5*f - x = 4*d, -4*f + 50 - 6 = 3*d. What are the prime factors of f?
11
Let b(z) = 232*z - 2720. List the prime factors of b(56).
2, 3, 107
Let a = -4493 + 8427. What are the prime factors of a?
2, 7, 281
Let f(j) = -6*j + 45. Let v be f(7). Suppose n = -2*y + 54, -v*n + 50 = y - 122. What are the prime factors of n?
2, 29
Suppose 8*j - 20 = 4*j. Suppose 724 = j*t - 3*t + 2*a, a = 4*t - 1423. Suppose 9*y - 48 = t. What are the prime factors of y?
3, 5
Let k = -186 - 47. Let a = 27 + k. Let f = -138 - a. What are the prime factors of f?
2, 17
Let x(v) = -12*v + 12. Let b be x(4). Let o be (b/(-5))/((-84)/(-1960)). Suppose 2*d - o = 4*p - 0*p, 0 = 4*d + 5*p - 336. List the prime factors of d.
2, 3, 7
Suppose 955*b + 53168 = 971*b. List the prime factors of b.
3323
List the prime factors of (1259*(-8 - 559/(-65)))/((-2)/(-10)).
3, 1259
Let a be (9/3)/((-7)/28*4). List the prime factors of ((-22052)/111)/(1/a).
2, 149
Let t(w) = w**2 - 12*w + 33. Let u be t(5). What are the prime factors of (-1 + (6 - 3))*(-263)/u?
263
Suppose k - 3*t = -0*k - 1, -2*k - 3*t = 47. Let q be (k/(-48))/((-1)/(-6)). What are the prime factors of -1*q - (-10 + -20)?
2, 7
Suppose 0 = -2673*g + 2679*g - 209406. List the prime factors of g.
17, 2053
Suppose -3*x = -58 - 149. Suppose -5*q - 29 = -x. List the prime factors of ((-484)/(-8))/(4/q) + 4.
5
Let i = 119 - -97. Suppose -5*j + i - 11 = 0. Suppose 54 = y + 5*b, -b = y - 17 - j. List the prime factors of y.
59
Let r = 5182 + -3515. List the prime factors of r.
1667
Suppose 12573 = 11*x + 395747. What are the prime factors of x/(-30) + 64/(-480)?
3, 43
Suppose -12*f + 2299451 + 3844851 = 122*f. What are the prime factors of f?
45853
Let c(y) = 431*y**2 + 6*y + 181. List the prime factors of c(7).
2, 3, 3557
Let o = 1707 - 1005. Suppose -o = -3*r + 6*q - 7*q, -5*r - 4*q + 1177 = 0. Let c = r + -103. What are the prime factors of c?
2, 5, 13
Suppose -20*v - 18*v = -29564. What are the prime factors of v?
2, 389
Suppose -5*i = -74213 - 162997. What are the prime factors of i?
2, 3, 7907
Let i(a) be the second derivative of -7*a + 1/20*a**5 + 0 + 7/12*a**4 + 5/2*a**2 - 4/3*a**3. What are the prime factors of i(-8)?
5
Suppose -14*q + 113252 + 333530 = 35*q. List the prime factors of q.
2, 47, 97
Let v(u) = 3*u**2 + 10*u - 32. Let o(p) = 14*p**2 + 41*p - 128. Let d(f) = 2*o(f) - 9*v(f). List the prime factors of d(31).
5, 149
Let a = 123614 + -56014. What are the prime factors of a?
2, 5, 13
Let o(w) = -w + 2210. What are the prime factors of o(69)?
2141
Suppose 54*b = 63*b. What are the prime factors of 404 + (-13 - -3) - b/(-1)?
2, 197
Let f(b) = -b**2 + 8*b + 27. Let z be f(11). Let n = z - 7. Let g = n - -48. List the prime factors of g.
5, 7
Suppose -m - n - 7 = 0, 4*n + 10 - 30 = 4*m. What are the prime factors of 4/2*m*(-16)/24?
2
Let g(r) = r + 18. Let a be g(-16). Suppose -2*h = -w, 0 = -h + a*h - 3*w. Suppose -6*s - 3*s + 504 = h. List the prime factors of s.
2, 7
Let d(q) = -15756*q - 4409. List the prime factors of d(-3).
42859
Suppose 6*n + 13045 = 3*d + 2*n, -n = -3*d + 13051. List the prime factors of d.
19, 229
Let f(k) = 20*k + 291. Let p be f(-7). Suppose -p*j = -152*j + 1345. What are the prime factors of j?
5, 269
Let k(n) be the first derivative of 2*n**3/3 + 17*n**2/2 + 11*n + 107. List the prime factors of k(8).
5, 11
Let a(j) = -5910*j + 2870. What are the prime factors of a(-6)?
2, 5, 3833
Let d(f) = -25*f + 13*f + 13*f + 30 + 5*f. Let n be d(-6). Let b(w) = w**3 + 7*w**2 - 4*w + 8. What are the prime factors of b(n)?
2, 17
Suppose 874*a = 868*a + 18912. List the prime factors of a.
2, 197
Let v(x) = 